he remainder when 39 is divided by (-3)/((-6)/(-4)) - (-2 - o).
11
Suppose -98 + 65 = 6*d - 381. Calculate the remainder when 3063 is divided by d.
47
Suppose -3*c + 271 = 5*h, -3*c = 2*h - 3*h + 47. Let k = 19034 + -19078. Let w = k + h. Calculate the remainder when w is divided by 3.
0
Let m(r) = r**3 - 6*r**2 - 39. What is the remainder when 294 is divided by m(8)?
27
Let s(o) = o - 2. Let z be s(0). Let q = 183 - 190. Calculate the remainder when z/q + 760/35 is divided by 12.
10
Let c(m) = 34*m**2 - 2*m - 6. Let y be c(3). Suppose 3*s - 306 = y. Suppose 0 = 2*f - p - 80, 2*f + p = 7*f - s. What is the remainder when 158 is divided by f?
38
Suppose -12*w = -4*w + 2496. What is the remainder when 102 is divided by ((-9)/3)/((-6)/w*-6)?
24
Let n(r) = 6*r**3 - 159*r**2 - 79*r - 17. What is the remainder when n(27) is divided by 26?
11
Suppose -260 = 13*n + 1430. Let m = 248 + n. What is the remainder when m is divided by 56?
6
Suppose 0*q = q. Suppose q = -2*w + 4. Let h(s) = 21*s + 2675. Calculate the remainder when h(-127) is divided by w.
0
Let a(r) = 30*r - 1842. Let c = 12 - -28. Calculate the remainder when c is divided by a(62).
4
Let o(u) = 9*u**2 + 32*u + 8. Let i be o(-5). Let w(y) = y**3 - 3*y**2 + 2*y - 3. Let c be w(-3). Let l = i + c. Calculate the remainder when l is divided by 5.
0
Suppose 5*r = 5*d - 6*d + 87, -4*d = -3*r - 233. What is the remainder when d is divided by 3?
2
Calculate the remainder when 275 is divided by (160/6)/((-560)/42 + 14).
35
Let a = -17417 + 17452. Calculate the remainder when 62 is divided by a.
27
Suppose 3*x - 16 = -13. Suppose -412 = -5*m + 33. Calculate the remainder when m is divided by x/(0 + (-3)/(-39)).
11
Suppose -u + 269 = 2*q, 3*u - 246 - 609 = 2*q. What is the remainder when 526 is divided by u?
245
Suppose -5*l + 2*f = -263 - 216, 471 = 5*l + 2*f. Calculate the remainder when l is divided by 54/4 - (-474)/948.
11
Let x(p) = -10*p + 5. Let t be x(6). Suppose 3*s - 85 + 9 = f, 0 = -5*f + s - 324. Let a = t - f. Calculate the remainder when 23 is divided by a.
5
Let x(p) = -p**3 - 15*p**2 + 16*p - 82. Calculate the remainder when x(-18) is divided by 63.
35
Suppose 12*o = 3*o + 36. Suppose -2*z - 2 = -3*j, -j - o = 2*z - 5*z. What is the remainder when 133 is divided by 5*-18*z/(-8)*2?
43
Let c(d) = -d**2 + 0*d - 55*d**3 + d - 8*d**3 + 2*d**2. Calculate the remainder when 74 is divided by c(-1).
11
Suppose -3*b + 3*q = -0*q, 5*q = -5*b. Suppose -5*c + 4*t + 215 = b, 3*c - 3*t + 26 - 155 = 0. Calculate the remainder when 256 is divided by c.
41
Suppose 2*c = -5*c + 28. Suppose -4*d - 130 = -3*h, 2*d = -c*h - 0*h + 144. Calculate the remainder when 90 is divided by h.
14
Let t(c) = -14*c**2 - 24*c + 73. Let f be t(4). Let k = 393 + f. Calculate the remainder when k is divided by 26.
16
Let n(z) = z**2 + 6*z + 6. Let w = -64 - -72. Let r(m) = m**3 - 6*m**2 - 17*m + 9. What is the remainder when r(w) is divided by n(-5)?
0
Let h(z) = z**2 - 3*z - 3. Let g be h(-2). Suppose 43 = g*b - 20. Calculate the remainder when 43 is divided by b.
7
Suppose 4*s - l + 45 + 8 = 0, 4*l - 2 = s. Let j(x) = -3*x - 42. Let t be j(s). What is the remainder when 32 is divided by (-30 + t)*(-11)/33?
2
Suppose -7218 + 54820 - 1678 = 89*l. Calculate the remainder when l is divided by 142.
90
Let p(j) = 4*j**2 + 114*j - 471. What is the remainder when 1958 is divided by p(4)?
47
Suppose 5*o - 154 = 5*r + 131, -201 = -4*o - 5*r. Let l(j) = j**3 - 17*j**2 + 6*j - 3. What is the remainder when l(18) is divided by o?
51
Let i be ((-16)/(-6))/(92/138). Suppose -w - 2 = 0, -g = -0*w - i*w - 54. What is the remainder when 365 is divided by g?
43
What is the remainder when 408 is divided by 47 - (3/(-9))/(114/(-108) - -1)?
39
Let s be (11/(-11))/(1/(-2)). Suppose -12 = 5*r - s. Calculate the remainder when (60/4)/(r/(-10)) is divided by 26.
23
Let y = 1542 - 1518. What is the remainder when 46 is divided by y?
22
Let j(n) = -304*n + 99*n + 99*n + 2 + 99*n - 4. Let q = -3 - -1. What is the remainder when 21 is divided by j(q)?
9
Let k = 1252 - 1185. Calculate the remainder when 73 is divided by k.
6
Let d = 43 + -43. Let g(h) = -h**3 - h + 25. Suppose 3*f - 44 = -5*s, 3*f = -2*f + s + 64. What is the remainder when g(d) is divided by f?
12
Let w(s) = 108*s + 874. Calculate the remainder when 6925 is divided by w(-8).
5
Let x(g) = 61*g**3 + 2*g**2 - 7*g - 2. Let t be x(2). Suppose -k - 2*i = 3, 5*k = -3*i + 10 + 3. What is the remainder when (-2)/(-9) - t/(-27) is divided by k?
3
Suppose -s + 5*h - 6 = 0, 2*s + 13*h - 10*h - 14 = 0. What is the remainder when 439 is divided by s?
3
Let f = -29860 - -30566. Calculate the remainder when f is divided by 177.
175
Suppose 3*r - 4*k = -5 - 14, -3*k = 15. Let c(l) = l**3 + 15*l**2 + 22*l + 25. What is the remainder when c(r) is divided by (22 - 3)/1 + -3?
13
Suppose 3*x + 4*g = 0, -x = -5*x + 2*g + 22. Suppose 9*a - x*a = 1520. Calculate the remainder when a is divided by 78.
70
Let r(c) = 2*c - 11. Let p = 110 - 86. What is the remainder when 144 is divided by r(p)?
33
Let l(x) = -x + 37 + 23 - 37 - 16*x**2 + x**3. Let z be l(16). Suppose -z*v = -13 - 92. What is the remainder when 23 is divided by v?
8
Suppose -14*a - 63 = 35. Let z = -3 - a. Suppose h - 57 = -2*o, 6*h + z*o - 161 = 3*h. Calculate the remainder when h is divided by 25.
22
Suppose f - 132 = l + 3*l, -375 = -3*f + 5*l. Suppose w - 52 = -3*a, 0*w + 2*w = 5*a + 137. Calculate the remainder when f is divided by w.
59
Let f(h) = -h**2 - 11*h + 83. Let c be f(-16). Suppose c*l + 4*l - 378 = 0. Calculate the remainder when l is divided by 13.
2
Suppose -7*o + 5*m = -10*o + 31, -13 = o - 3*m. Suppose -25 = -o*j + 51. Calculate the remainder when 99 is divided by j.
23
Let z(v) = 26*v**3 + 6*v**2 + 17*v - 70. What is the remainder when 13717 is divided by z(2)?
193
Suppose 0 = -h - s + 153, -5*s - 135 = 31*h - 32*h. Calculate the remainder when 1326 is divided by h.
126
Let w = -3 + 5. Let h be (12/(-22))/((-47)/((-13959)/(-54))). Calculate the remainder when 84 - w*(2 - h) is divided by 11.
9
Let l be 0 + 2*(-1 + 2)*1. Let a be 4149/18 - (-1)/l. Suppose 3*h - 6*h + a = 0. Calculate the remainder when h is divided by 17.
9
Let z(c) = -23*c - 150. What is the remainder when 402 is divided by z(-11)?
93
Let i = -18226 + 18252. Calculate the remainder when (-1113)/(-11) - 6/33 is divided by i.
23
Suppose 6*b - 14 = 4*b. Suppose -2*r + b*r + 3*j = 37, -3*r + j = -11. Let u = -69 - -77. Calculate the remainder when u is divided by r.
3
Let n(k) = k**3 - 5*k**2 + k + 6. Let d be n(5). Suppose d*x - 5*x - 174 = 0. What is the remainder when 85 is divided by x?
27
Let v = 420 - 319. Let g(h) = -2*h. Let z be g(-1). Suppose z*c + 106 = -2*n + 5*n, v = 3*n - c. Calculate the remainder when 95 is divided by n.
31
Let t = -182 - -174. Calculate the remainder when 6/(-14 - t)*(-60)/2 is divided by 16.
14
Calculate the remainder when 293 is divided by (23*2/((-54)/(-63)))/((-1)/(-3)).
132
Let h = 13 + 15. Let g(p) = -2*p**3 - 4*p**2 + p - 7. Let r be g(-3). Suppose r*f - 2*f - 60 = 0. Calculate the remainder when h is divided by f.
8
Let t(x) = x**3 + 18*x**2 + 12*x - 331. What is the remainder when 607 is divided by t(-15)?
115
Let c = 29291 + -29277. Calculate the remainder when 2488 is divided by c.
10
Let n(v) = 19*v - 288. What is the remainder when n(21) is divided by 90?
21
Let g = -7600 - -8741. Calculate the remainder when g is divided by 13.
10
Suppose 4 = -2*t - l + 14, 2*l = -5*t + 25. Let c = 25 - t. What is the remainder when 91 is divided by c?
11
Let d(a) = 122788*a - 122772. Suppose 5*f - 4*g + 2*g = -6, -3*g + 9 = -4*f. What is the remainder when (-38 - 0)*(-2 + f) is divided by d(1)?
12
Suppose g + 13*t = 14*t + 54, -6*t = 3*g - 126. What is the remainder when g is divided by 14?
8
Suppose 0 = -0*a - 24*a + 1008. Suppose 8 + a = 2*p. Calculate the remainder when 173 is divided by p.
23
Let k = 8 - 8. Let q(f) = 5 - 5*f - 4*f**2 + k*f**2 - f**3 + 4*f. Calculate the remainder when 13 is divided by q(-4).
4
Let p(n) be the first derivative of n**2 + 26*n + 15. Let j be p(-9). Suppose -3*v + j*v = 25. Calculate the remainder when 34 is divided by v.
4
Suppose -1977*k + 1975*k + 69 = b, b - 4*k = 81. What is the remaind